254 and 1284?
642
Calculate the highest common factor of 33065 and 1955.
85
What is the highest common divisor of 180 and 18090?
90
Calculate the greatest common divisor of 12628 and 13552.
308
Calculate the greatest common factor of 105609 and 564.
141
Calculate the highest common factor of 83447 and 49.
49
What is the highest common factor of 27463 and 4031?
29
What is the greatest common divisor of 144105 and 455?
65
Calculate the greatest common factor of 138 and 466.
2
What is the highest common factor of 135 and 47274?
3
What is the greatest common divisor of 66 and 145536?
6
What is the highest common factor of 45 and 3855?
15
What is the greatest common factor of 31460 and 9620?
260
Calculate the highest common factor of 1303188 and 60.
12
What is the greatest common divisor of 1333 and 59856?
43
Calculate the greatest common factor of 1105160 and 280.
280
Calculate the greatest common divisor of 140 and 1288.
28
What is the greatest common factor of 275 and 63690?
55
Calculate the greatest common divisor of 71284 and 3692.
284
What is the greatest common factor of 11 and 496309?
11
What is the highest common factor of 5265455 and 65?
65
What is the highest common factor of 5436 and 522?
18
Calculate the greatest common factor of 1104 and 151584.
48
What is the highest common factor of 243 and 5733099?
243
Calculate the greatest common factor of 2094 and 474.
6
What is the greatest common factor of 546 and 451048?
26
Calculate the greatest common factor of 270195 and 15.
15
What is the greatest common factor of 42240 and 1815?
165
What is the highest common factor of 52 and 631319?
13
Calculate the highest common divisor of 10004700 and 36.
12
Calculate the highest common divisor of 140184 and 12.
12
Calculate the highest common divisor of 23433 and 2117.
73
What is the highest common factor of 250 and 239900?
50
Calculate the highest common factor of 824 and 913919.
103
What is the highest common divisor of 3315 and 43605?
255
Calculate the highest common divisor of 67303 and 107.
107
Calculate the greatest common divisor of 32227 and 3811.
37
What is the highest common factor of 149 and 1427867?
149
What is the highest common factor of 2862600 and 60?
60
What is the greatest common factor of 1688 and 8229?
211
What is the highest common factor of 64 and 3904?
64
Calculate the highest common divisor of 404 and 116.
4
What is the greatest common divisor of 51 and 8848211?
17
What is the greatest common divisor of 1639 and 5272663?
1639
What is the highest common factor of 16362 and 2754?
162
Calculate the greatest common divisor of 736 and 12098.
46
What is the highest common factor of 39 and 395148?
39
What is the greatest common factor of 4090 and 45?
5
What is the greatest common divisor of 1241 and 3077?
17
Calculate the highest common divisor of 279 and 128526.
93
What is the highest common factor of 3451 and 4879?
119
Calculate the highest common factor of 83 and 1153.
1
Calculate the highest common factor of 98560 and 27328.
448
What is the highest common factor of 33891 and 231549?
237
What is the greatest common divisor of 1786 and 9101?
19
Calculate the highest common factor of 92310 and 238.
34
Calculate the greatest common divisor of 39528 and 432.
216
Calculate the greatest common factor of 1159 and 3439.
19
Calculate the greatest common divisor of 2580 and 89040.
60
Calculate the greatest common factor of 1547 and 2639.
91
What is the greatest common factor of 1021720 and 1335?
445
What is the highest common divisor of 132 and 92631?
33
Calculate the highest common factor of 30758 and 134017.
2197
What is the highest common divisor of 251082 and 2106?
234
What is the highest common factor of 67033 and 21?
1
Calculate the highest common divisor of 416806 and 6929.
533
Calculate the greatest common divisor of 239 and 5152123.
239
Calculate the highest common factor of 2728 and 4960.
248
Calculate the greatest common divisor of 14117 and 418.
19
What is the highest common divisor of 5767 and 246243?
79
What is the greatest common factor of 34304 and 48508?
268
What is the highest common factor of 955642 and 2?
2
Calculate the greatest common factor of 43 and 1353511.
43
Calculate the greatest common divisor of 30 and 39090.
30
What is the highest common divisor of 11942 and 602?
14
What is the highest common divisor of 756492 and 28?
4
What is the greatest common factor of 29808 and 516?
12
What is the greatest common factor of 9299 and 17?
17
What is the greatest common divisor of 13852496 and 784?
784
What is the greatest common divisor of 931 and 5073019?
931
What is the highest common divisor of 25 and 570275?
25
What is the highest common divisor of 118 and 128?
2
What is the highest common factor of 2079 and 1562484?
231
Calculate the highest common divisor of 280 and 88040.
40
Calculate the highest common factor of 635 and 720090.
635
Calculate the greatest common divisor of 36 and 33970.
2
Calculate the highest common divisor of 196 and 2065.
7
What is the highest common divisor of 64 and 66784?
32
What is the greatest common divisor of 5377 and 2470?
19
Calculate the highest common divisor of 976387 and 193.
193
What is the highest common divisor of 341 and 651?
31
Calculate the highest common divisor of 4275 and 7875.
225
Calculate the greatest common divisor of 7315 and 1064.
133
Calculate the highest common factor of 132 and 196086.
66
What is the highest common divisor of 6688 and 768?
32
What is the highest common factor of 270 and 450?
90
What is the highest common divisor of 26430 and 37883?
881
What is the greatest common divisor of 22792 and 176?
88
What is the highest common divisor of 3592 and 166?
2
Calculate the greatest common factor of 27622 and 42.
14
What is the greatest common divisor of 13824 and 74944?
64
Calculate the highest common factor of 3706 and 1199.
109
Calculate the greatest common factor of 62543 and 1207.
17
What is the greatest common divisor of 115787 and 278?
139
Calculate the highest common divisor of 451 and 92291.
41
What is the highest common divisor of 2 and 14426?
2
What is the greatest common divisor of 867 and 51459?
51
Calculate the greatest common factor of 4131 and 131733.
459
What is the highest common divisor of 237 and 4318772?
79
Calculate the greatest common factor of 18 and 992376.
18
Calculate the highest common factor of 39 and 183813.
3
Calculate the highest common factor of 5635 and 41285.
115
Calculate the highest common factor of 62751 and 507.
39
What is the greatest common factor of 630 and 68310?
90
Calculate the highest common factor of 405 and 423225.
405
Calculate the highest common divisor of 858 and 528.
66
What is the greatest common factor of 1794759 and 171?
57
What is the greatest common divisor of 187 and 37213?
187
What is the highest common factor of 297099 and 396?
99
Calculate the greatest common factor of 4096287 and 117.
117
What is the greatest common factor of 22536 and 162?
18
What is the greatest common factor of 1 and 11467?
1
Calculate the highest common divisor of 222 and 1418358.
222
What is the highest common factor of 2800 and 18025?
175
Calculate the greatest common divisor of 174 and 14906.
58
What is the highest common divisor of 3901968 and 784?
784
Calculate the greatest common divisor of 80106 and 13035.
237
What is the highest common factor of 293318 and 34?
34
Calculate the greatest common divisor of 240 and 657840.
240
Calculate the highest common factor of 34257 and 513.
57
What is the greatest common divisor of 14 and 209125?
7
Calculate the highest common factor of 186606 and 1638.
126
What is the highest common divisor of 65 and 3685?
5
Calculate the greatest common divisor of 80 and 1086.
2
What is the greatest common divisor of 6716 and 322?
46
Calculate the highest common factor of 5871 and 456.
57
What is the greatest common factor of 162552 and 702?
78
What is the greatest common factor of 17000 and 6?
2
What is the highest common factor of 3795 and 479688?
759
Calculate the greatest common factor of 19 and 156389.
19
Calculate the highest common factor of 3 and 12201.
3
What is the highest common divisor of 2450 and 191002?
98
What is the greatest common divisor of 135 and 516105?
135
What is the greatest c